{"id":52,"date":"2023-08-21T11:04:04","date_gmt":"2023-08-21T09:04:04","guid":{"rendered":"http:\/\/www.machi.fr\/?page_id=52"},"modified":"2023-08-29T21:37:37","modified_gmt":"2023-08-29T19:37:37","slug":"pourquoi-machi","status":"publish","type":"page","link":"https:\/\/www.machi.fr\/index.php\/pourquoi-machi\/","title":{"rendered":"Pourquoi Machi ?"},"content":{"rendered":"\n<p>Trouver un nom m\u00e9morable et significatif est un d\u00e9fi complexe, exigeant l&rsquo;\u00e9quilibre entre originalit\u00e9 et pertinence. Cr\u00e9er une identit\u00e9 qui capture l&rsquo;essence de votre \u00ab\u00a0entreprise\u00a0\u00bb tout en \u00e9tant unique dans un paysage satur\u00e9 de noms demande une r\u00e9flexion minutieuse et cr\u00e9ative.<\/p>\n\n\n\n<p>Donc facile, choisissons miel d&rsquo; Ottange.  Sauf qu&rsquo;il n&rsquo;y a pas qu&rsquo;un rucher \u00e0 Ottange.  S\u2019autoproclamer seul miel d&rsquo; Ottange \u00e9tait un peu pr\u00e9somptueux.<\/p>\n\n\n\n<p>Nous cherchions donc un nom qui r\u00e9unit nature, authenticit\u00e9, bienfait, simplicit\u00e9.<\/p>\n\n\n\n<p>Sans grande surprise, toutes les r\u00e9f\u00e9rences aux druides, d\u00e9esses, gu\u00e9risseuses et autres figures de la nature n&rsquo;\u00e9taient d\u00e9j\u00e0 plus libres.<\/p>\n\n\n\n<div class=\"wp-block-media-text is-stacked-on-mobile\"><figure class=\"wp-block-media-text__media\"><img loading=\"lazy\" decoding=\"async\" width=\"684\" height=\"1024\" src=\"https:\/\/www.machi.fr\/wp-content\/uploads\/2023\/08\/pexels-rodrigo-celedon-17227214-684x1024.jpg\" alt=\"\" class=\"wp-image-54 size-full\" srcset=\"https:\/\/www.machi.fr\/wp-content\/uploads\/2023\/08\/pexels-rodrigo-celedon-17227214-684x1024.jpg 684w, https:\/\/www.machi.fr\/wp-content\/uploads\/2023\/08\/pexels-rodrigo-celedon-17227214-200x300.jpg 200w, https:\/\/www.machi.fr\/wp-content\/uploads\/2023\/08\/pexels-rodrigo-celedon-17227214-768x1150.jpg 768w, https:\/\/www.machi.fr\/wp-content\/uploads\/2023\/08\/pexels-rodrigo-celedon-17227214-1025x1536.jpg 1025w, https:\/\/www.machi.fr\/wp-content\/uploads\/2023\/08\/pexels-rodrigo-celedon-17227214-1367x2048.jpg 1367w, https:\/\/www.machi.fr\/wp-content\/uploads\/2023\/08\/pexels-rodrigo-celedon-17227214-scaled.jpg 1709w\" sizes=\"auto, (max-width: 684px) 100vw, 684px\" \/><\/figure><div class=\"wp-block-media-text__content\">\n<p>Apr\u00e8s des jours \u00e0 tester un grand nombre de combinaisons, nous nous sommes tourn\u00e9s vers la culture chilienne et la machi (druidesse locale).<\/p>\n\n\n\n<p>La Machi est une figure embl\u00e9matique de la tradition Mapuche, un peuple autochtone du Chili. Elle incarne le r\u00f4le de gu\u00e9risseuse et sage. La Machi est en contact \u00e9troit avec le monde spirituel et naturel, jouant un r\u00f4le crucial dans les rituels de gu\u00e9rison et la pr\u00e9servation de l\u2019\u00e9quilibre entre l\u2019homme et la nature. Elle est respect\u00e9e pour sa connaissance des plantes m\u00e9dicinales et sa capacit\u00e9 \u00e0 guider la communaut\u00e9 vers la compr\u00e9hension profonde de l\u2019harmonie.<\/p>\n<\/div><\/div>\n\n\n\n<h2 class=\"wp-block-heading\">Notre nom n&rsquo;est donc pas local&#8230; L&rsquo;exception qui confirme la r\u00e8gle<\/h2>\n","protected":false},"excerpt":{"rendered":"<p>Trouver un nom m\u00e9morable et significatif est un d\u00e9fi complexe, exigeant l&rsquo;\u00e9quilibre entre originalit\u00e9 et pertinence. Cr\u00e9er une identit\u00e9 qui capture l&rsquo;essence de votre \u00ab\u00a0entreprise\u00a0\u00bb tout en \u00e9tant unique dans un paysage satur\u00e9 de noms demande une r\u00e9flexion minutieuse et cr\u00e9ative. Donc facile, choisissons miel d&rsquo; Ottange. Sauf qu&rsquo;il n&rsquo;y [&hellip;]<\/p>\n","protected":false},"author":1,"featured_media":0,"parent":0,"menu_order":0,"comment_status":"closed","ping_status":"closed","template":"","meta":{"_uag_custom_page_level_css":"","iawp_total_views":119,"footnotes":""},"class_list":["post-52","page","type-page","status-publish","hentry"],"uagb_featured_image_src":{"full":false,"thumbnail":false,"medium":false,"medium_large":false,"large":false,"1536x1536":false,"2048x2048":false,"hestia-blog":false},"uagb_author_info":{"display_name":"admin","author_link":"https:\/\/www.machi.fr\/index.php\/author\/admin4471\/"},"uagb_comment_info":0,"uagb_excerpt":"Trouver un nom m\u00e9morable et significatif est un d\u00e9fi complexe, exigeant l&rsquo;\u00e9quilibre entre originalit\u00e9 et pertinence. Cr\u00e9er une identit\u00e9 qui capture l&rsquo;essence de votre \u00ab\u00a0entreprise\u00a0\u00bb tout en \u00e9tant unique dans un paysage satur\u00e9 de noms demande une r\u00e9flexion minutieuse et cr\u00e9ative. Donc facile, choisissons miel d&rsquo; Ottange. Sauf qu&rsquo;il n&rsquo;y [&hellip;]","_links":{"self":[{"href":"https:\/\/www.machi.fr\/index.php\/wp-json\/wp\/v2\/pages\/52","targetHints":{"allow":["GET"]}}],"collection":[{"href":"https:\/\/www.machi.fr\/index.php\/wp-json\/wp\/v2\/pages"}],"about":[{"href":"https:\/\/www.machi.fr\/index.php\/wp-json\/wp\/v2\/types\/page"}],"author":[{"embeddable":true,"href":"https:\/\/www.machi.fr\/index.php\/wp-json\/wp\/v2\/users\/1"}],"replies":[{"embeddable":true,"href":"https:\/\/www.machi.fr\/index.php\/wp-json\/wp\/v2\/comments?post=52"}],"version-history":[{"count":4,"href":"https:\/\/www.machi.fr\/index.php\/wp-json\/wp\/v2\/pages\/52\/revisions"}],"predecessor-version":[{"id":1213,"href":"https:\/\/www.machi.fr\/index.php\/wp-json\/wp\/v2\/pages\/52\/revisions\/1213"}],"wp:attachment":[{"href":"https:\/\/www.machi.fr\/index.php\/wp-json\/wp\/v2\/media?parent=52"}],"curies":[{"name":"wp","href":"https:\/\/api.w.org\/{rel}","templated":true}]}}